Let m(f) = -144*f - 27. Let v(r) = -11*r - 2. Let i(p) = -2*m(p) + 27*v(p). Give i(k).
-9
Let w(a) = -3*a - 3 + 122*a**2 - 3*a - 123*a**2 - 3*a. Give w(-6).
15
Let v(o) = -o**2 + 8*o - 4. Suppose -10 = -d - 3. Let h be v(d). Let i(f) = -18*f - 6*f**2 + 2 + 25*f + 1 - f**h. Calculate i(-7).
3
Let p = 946 + -937. Let v(u) = 3*u - 9. Determine v(p).
18
Let w(d) = -3*d**2 - 6*d + 1. Let q(c) = c**2 + c. Let y(n) = 6*q(n) + w(n). What is y(-1)?
4
Let x(n) = -n**2 + 3*n + 6. Let p be x(5). Suppose -40*v = -39*v - 12. Let z(l) = -10*l + 39*l + l**2 - 12*l - v*l - 2. Calculate z(p).
-6
Let h(j) be the third derivative of -j**6/120 - 7*j**5/60 - j**4/3 - j**3/6 + j**2 + 8*j. Determine h(-6).
11
Let f(r) be the third derivative of -r**6/120 + r**5/30 + r**4/12 + 5*r**3/6 - 225*r**2. Determine f(4).
-19
Suppose -j = -112 + 104. Let r(z) = -2*z**2 + 19*z - 17. Give r(j).
7
Let u(c) = 2*c**3 - 10*c**2 - 8*c + 8. Let t(z) = -3*z**3 - 2*z**3 - 33 + 14 + 29*z**2 - 5 + 23*z. Let k(l) = -3*t(l) - 8*u(l). Give k(-6).
2
Suppose -3*h + 94 = 5*n - 0*n, 2*h + n - 51 = 0. Let t = h - 17. Let j(k) = 2*k + 1. Calculate j(t).
13
Suppose -5*x - 20 = 0, -2*d + 2*x + 10 = -0*d. Let h(o) = 11*o - 28*o + 3*o + 9*o + d. What is h(1)?
-4
Let z(l) = 2*l + 2. Let m(s) = 7*s - 1. Let i(b) = m(b) - 4*z(b). Determine i(0).
-9
Let q(j) be the second derivative of -j**5/20 + j**4/4 + 2*j**3/3 - j**2/2 + 61*j - 2. Determine q(4).
-1
Let j be (-1*(-5)/10)/(-2)*-2. Let t(p) be the first derivative of -p - j*p**2 - 3. Determine t(-1).
0
Let c(w) = -3*w**2 - 4*w + 4. Let o(l) = -l**3 + 8*l**2 + 11*l - 11. Let k(t) = 11*c(t) + 4*o(t). Let h(y) = y - 2. Let u be h(1). Determine k(u).
3
Let l(n) = -9*n - 11*n - 4*n - 7 + 27*n - 5*n. Calculate l(6).
-19
Let h be (88/110)/((-4)/(-10)). Let k(m) = -1 + 7 + 10*m + 5 - m**3 + h*m**2 - 9*m**2. Give k(-8).
-5
Let a(c) = -c**2 + 6*c + 1. Let n be (-3 + 6 + 1)*-16. Let v be (n/48)/(2/(-15)). Let b = v + -5. Give a(b).
6
Let z(s) = s**3 - 5*s**2 - 6*s + 6. Let r = -584 + 590. What is z(r)?
6
Let y(d) = -14*d + 2. Let i = 6 + -3. Let n(w) = 7*w - 1. Let b(a) = i*y(a) + 5*n(a). Suppose 7501*r - 7511*r = 10. Determine b(r).
8
Suppose -2*o - 4*x - 10 = 0, 7*o - 4*o - 35 = 4*x. Let j(w) = -o*w**2 - 9*w + 11*w - w**3 - 1 - w**2 + 9*w**2. Determine j(2).
7
Let c(t) = -2 - 94*t**3 - 6*t**2 + 4 + 5*t + 95*t**3. What is c(5)?
2
Suppose -x = -128 + 130. Let y(g) = -g**2 - 7*g - 5. Calculate y(x).
5
Suppose 0 = -8*t + 9*t - 6. Let x(c) be the second derivative of 0 + 5/2*c**2 + 3*c + 0*c**3 - 1/20*c**5 + 1/2*c**4. What is x(t)?
5
Suppose 5*u - 4*h = -9*h + 25, 4*u - 3*h + 1 = 0. Let m(d) = 9*d**2 - d - 2. Determine m(u).
32
Let z(k) = 2 - 11*k - 4 + 14*k + 5*k. Determine z(2).
14
Let m(t) = -t**3 + 2*t + 2. Let y be m(-1). Let a(c) = -4*c**3 - 2*c**2 + c. Determine a(y).
-5
Let k = 33 + -31. Let n(z) = -14*z + 11*z + 6*z - k*z**2 + z**2. Give n(4).
-4
Let s(q) = -18*q + 25*q + 4*q + 31 - q. What is s(-4)?
-9
Let s = -68 - -67. Suppose p - 2 = -l + 6*p, l = -5*p + 12. Let v(b) = 2*b + b + l*b. What is v(s)?
-10
Let n(o) = -45*o + 1 + 3 + 16*o + 2*o**2 + 17*o + 7*o. Let j = 16 + 14. Let a be (-5)/2*j/(-25). Calculate n(a).
7
Suppose -8*o - 3*z = -5*o - 192, 3*o - 199 = 4*z. Let j = -75 + o. Let v(w) = w**2 + 12*w + 12. Give v(j).
-8
Let k(x) be the third derivative of x**4/24 + x**3/3 - x**2 - 76. Determine k(3).
5
Let w(a) = -9*a + 19. Let r(o) = -3*o + 2. Let l(f) = -6*r(f) + w(f). Determine l(-5).
-38
Let u(t) be the third derivative of t**5/60 + 7*t**4/24 + 5*t**3/6 + t**2 + 31. Let j = -7 - -5. Let d(q) = q**3 - q + 1. Let y be d(j). Give u(y).
-5
Let q(p) = p + 3. Let k(c) = 2*c**2 - 22*c + 16. Let u = -124 + 134. Let w be k(u). What is q(w)?
-1
Let w be (-4 - -8 - 4)/(-2). Let z(s) = 5*s**2 - 3*s**2 - 3*s**2 - 5. Let v be z(w). Let h(c) = 2*c + 5. Determine h(v).
-5
Let d(y) = -y**2 + 4*y + 5. Let z(j) = -j**2 + 4*j + 1. Let b = 5 - 2. Let u be z(b). Let q be d(u). Let o(a) = -a**2 + 6*a - 4. What is o(q)?
1
Let a(v) = 6*v**2 + 7*v**2 - 2*v**2 - 3*v**2 - 1 - 12*v**2. Let p be (-8)/12*(-6)/(-4). Give a(p).
-5
Let f(s) = s**3 - 35*s**2 + 67*s - 26. Let t be f(33). Let h(q) = q + 2. What is h(t)?
9
Let x(l) be the first derivative of -l**7/840 - l**6/120 + l**5/30 + l**4/24 + 14*l**3/3 - 1. Let t(v) be the third derivative of x(v). Determine t(-4).
1
Let o(t) be the second derivative of 0 + 2/3*t**3 - 2*t + 1/24*t**4 + 1/2*t**2. Let j(d) be the first derivative of o(d). Give j(-6).
-2
Let g(u) = 3*u**2 - 15*u + 3. Let w(x) = -x**2 + 5*x - 1. Let o(y) = 3*g(y) + 8*w(y). Let r = 41 - 38. Give o(r).
-5
Let s(o) = 7*o - 6 - 9*o + 4*o**2 - 3*o**2. Suppose -2*g + 1 = -9. Determine s(g).
9
Let x(w) = 5*w - 6. Let g be x(2). Let p(y) = -y + g*y - 2 - 4*y. What is p(2)?
-4
Let o(d) = -d**3 - 6*d**2 - 7*d + 2. Let t = -21 - -16. Let l be o(t). Let i = l + -9. Let a(c) = -c**3 + 2*c**2 + 3*c - 2. Calculate a(i).
-2
Let m(j) = -j - 1. Let p(o) = -3*o - 17. Let u(g) = 5*m(g) - p(g). Let v be u(6). Let s(k) = -k**2 - k - 3. What is s(v)?
-3
Let l(m) = 11 - 16 + 100*m - 99*m + 11. Suppose 2*g + 3*b - 16 = 0, 1 + 7 = 2*b. Suppose -3*s = -g - 13. What is l(s)?
11
Let k be 3/6*(-1 - -1). Suppose 5*q + 0*d - 22 = -3*d, -d = -4. Let s(a) = -q*a - 9 + 17*a**2 - 16*a**2 + 0*a + a. Give s(k).
-9
Let h(j) = -2*j**2 - 5*j - 3. Let c be h(-3). Let b(q) = -q**3 - 5*q**2 + 4*q - 5. Determine b(c).
7
Let n be 27/12 + 34/(-8) + -1. Let l(o) = -3*o**2 + 3*o**2 + 1 - o**2. Calculate l(n).
-8
Let q be (3 - 1)*7/(-2). Let l(o) = -2*o + 8*o - 2 + o**2 - 2 - 2. What is l(q)?
1
Suppose -4*u = -4*f, -8*f = -3*f + 5*u. Let o(a) = -4*a. Let k(d) = 23*d + 1. Let w(m) = -k(m) - 6*o(m). What is w(f)?
-1
Let u(q) = -4*q**3 - 13*q**2 + q + 8. Let b be u(-3). Let k(r) = -r + 2. Give k(b).
6
Let f(u) = 9*u - 1. Let y(l) be the first derivative of -5*l**2/2 + 1. Suppose -z = -4*v - 18 - 2, 4*v + z = -12. Let h(a) = v*f(a) - 7*y(a). What is h(0)?
4
Let b(m) = 2*m**3 - m**2 - 3*m + 1. Suppose 0 = 4*p + 3*k - 27, -7 = -15*p + 16*p - 2*k. Calculate b(p).
37
Let g be ((-21)/15)/(1/5). Suppose p = -4*p - 10. Let z(u) = u - 7. Let n(f) = 2. Let m(i) = p*z(i) - 9*n(i). Give m(g).
10
Let m = -29 - -35. Let x(v) = 7*v - 12*v**3 - 7*v**2 + 0*v - m + 13*v**3. Calculate x(6).
0
Suppose -64 + 7 = -5*y - 4*n, -5*n = -2*y + 3. Let a(k) = k**3 + 14*k**2 + 14. Let j be a(-14). Let s = j - y. Let f(x) = x + 3. What is f(s)?
8
Let y(r) = r**3 + 3*r**2 + r + 2. Let m(v) = -5*v**3 - 8*v**2 + 2*v - 10. Let s(x) = m(x) + 4*y(x). Let n = -62 + 20. Let k be n/(-8) - (-1)/(-4). What is s(k)?
3
Let x be 18/(-3)*(-100)/(-60). Let o(h) = -h**2 - 7*h + 17. What is o(x)?
-13
Let i(t) = 1. Let h(g) = -3*g + 1. Let s(y) = h(y) + 5*i(y). Let q(p) = 8*p - 13. Let c(u) = 2*q(u) + 5*s(u). What is c(-2)?
2
Let o(y) = 1. Let v(a) = -3*a + 19. Let j(u) = u - 9. Let c(p) = -5*j(p) - 2*v(p). Let h(w) = -c(w) + 3*o(w). Let l be (0 - 0)/(10 + -8). What is h(l)?
-4
Let l(x) = -x**3 + 5*x**2 - x - 7. Suppose 0 = c + 2*b + 20 + 29, -4*b = 4*c + 188. Let k be c/(-3)*(-8)/(-24). Calculate l(k).
-12
Let t(z) = -z**2 + 9*z - 7. Let f be t(6). Let m(b) be the first derivative of b**2/2 - 3*b + 1490. Calculate m(f).
8
Suppose -5*u = -2*u + 18. Let f be 4/(-22) - (-158)/22. Let c(b) = -7*b**2 - 10*b - 1. Let o(x) = -10*x**2 - 15*x - 2. Let l(a) = f*c(a) - 5*o(a). What is l(u)?
9
Let s(k) be the first derivative of k**3/3 + 7*k**2/2 + k + 148. Suppose -u - u = 10. What is s(u)?
-9
Let k(r) = 41*r - 22*r - 1 - 17*r. What is k(3)?
5
Let m(r) be the second derivative of r**4/24 + 15*r**2/2 - 3*r. Let a(o) be the first derivative of m(o). Determine a(-1).
-1
Suppose -d - 2*v = -2 + 3, 0 = 5*d + 2*v + 5. Let j(c) = 15*c**3 + 2*c**2 + 18*c**3 + 5*c - 4*c - 26*c**3. Determine j(d).
-6
Let w(k) be the second derivative of k**3/6 - 9*k**2 - 16*k. Let x(y) = -y**3 + 8*y**2 - y + 20. Let u be x(8). Give w(u).
-6
Suppose -6*b - 4 = -2*b. Let t = b - -2. Let g(y) be the first derivative of 7*y**4/2 + y**3/3 + 415. Give g(t).
15
Let c be 4/1 + 6 + -13. Let w(r) be the first derivative of r**6/360 + r**4/6 + 2*r**3/3 - 1. Let b(m) be the third derivative of w(m). What is b(c)?
13
Suppose -5 = -6*b + 7*b, 9 = 2*t - 3*b. Suppose -5*y + 20 = -j, 0 = 3*y + 3*j + 8 - 2. Let l(x